+ 4. Suppose -90 = 2*g - a*g. What is the highest common factor of 18 and g?
9
Suppose -5*h + 15 = 0, -271 = -5*v + 4*h - h. Suppose -6*u - u + v = 0. Suppose f = -t, 3*f + t = -0*t + u. What is the highest common divisor of f and 16?
4
Suppose -2*t + t - 1089 = -2014. Calculate the highest common divisor of 703 and t.
37
Suppose -74*m = -88*m + 6678. Suppose m = n - s, -2*n - 6*s + 954 = -2*s. Calculate the greatest common factor of n and 53.
53
Let k(q) be the second derivative of q**4/12 + 2*q**3/3 - 7*q**2 + 40*q. Let r be k(-11). Let f = 60 + -51. Calculate the highest common divisor of f and r.
9
Let r(z) = 15*z + 819. Let m be r(9). Calculate the highest common factor of 1044 and m.
18
Let z be (-12)/(84/77) - -65. What is the greatest common factor of z and 918?
54
Let f = 254 + -258. Let y be 1*(-24)/(-4)*(-66)/f. Calculate the highest common divisor of 27 and y.
9
Let v be (-362)/(-26)*2 - 20/(-130). Suppose -102 = 26*l - v*l. Calculate the highest common factor of l and 459.
51
Suppose 5*o = -4*l + 36, 4*l - 2*o = -14 + 78. Suppose 18 - 54 = 3*j. Let n be 189/(-12)*32/j. What is the greatest common factor of l and n?
14
Suppose w = x + 1, 1 = -3*x - 2. Suppose w = 5*m - c - 69, c = -c - 8. What is the highest common factor of m and 325?
13
Suppose 3*t + 2*x = 1030, -t + 2*x - 50 = -380. Calculate the highest common divisor of 180 and t.
20
Let m = 1304 - 1253. Calculate the greatest common divisor of 3621 and m.
51
Suppose n - 5*q - 17 = -0*q, -8 = 4*n - q. Let b(m) = 3*m**2 + 5*m + 5. Let u be b(n). What is the greatest common factor of 17 and u?
17
Let q be (-4)/(-8) + 251/(-2). Let y = 167 + q. Let o be (2/(-3))/(y/(-819)). What is the highest common divisor of o and 1?
1
Let k(u) = 1104*u**2 - 122*u - 126. Let h be k(-1). What is the greatest common divisor of h and 1045?
55
Suppose -8*h - 4667 = -5027. What is the highest common factor of 135 and h?
45
Let o be -8*(-1)/1*2. Let r be (4/14)/((-1)/(-371)). Let q = 250 - r. What is the greatest common factor of q and o?
16
Let r be 1/(-6 - (-39)/6). Let s = 21 + -19. Let z be (-3 - (-90)/s)/r. What is the highest common divisor of 35 and z?
7
Let w = 1962 - 1752. Calculate the greatest common divisor of w and 60.
30
Suppose -2*c + 283 - 68 = 5*a, 0 = -4*a + c + 185. Let u(d) = -d**3 + 9*d**2 - 6*d - 7. Let l be u(8). Calculate the greatest common factor of a and l.
9
Suppose p + 3*p - 704 = 0. Let q(r) = -50*r + 1164. Let c be q(17). Let u = c - p. What is the highest common divisor of u and 23?
23
Let g(l) = 25*l + 391. Let k be g(-9). What is the highest common factor of k and 249?
83
Let v(l) = -44*l - 9. Let f(w) = 89*w + 17. Let n(o) = -3*f(o) - 5*v(o). Let k be n(-2). Let i = 18 - 10. Calculate the greatest common divisor of i and k.
8
Suppose -171*i = -169*i - 2*b - 1198, b - 2953 = -5*i. Calculate the highest common factor of 4 and i.
4
Let h(b) = -19*b + 1347. Let d be h(54). Calculate the highest common divisor of 4387 and d.
107
Suppose 6*o = -103*o + 237184. Calculate the greatest common factor of 952 and o.
136
Let g = -242 - -425. Let i = g + -175. Let o(n) = -n**2 + 17*n + 2. Let v be o(7). What is the greatest common divisor of v and i?
8
Let t(g) = -g**2 + 47*g + 92. Let i be t(44). Suppose -i = -5*n + 126. What is the greatest common divisor of n and 595?
35
Suppose -9*u - 63 - 5355 = 0. Let a = 674 + u. What is the greatest common factor of 120 and a?
24
Suppose 3*j - 1471 = -i, -3*i + 4*j - 2*j + 4446 = 0. Calculate the highest common factor of 40 and i.
40
Let g(q) = -40*q**3 + q**2 + 5*q**3 + 84*q**3. Let u be g(2). Let s = 121 - 77. Calculate the highest common factor of s and u.
44
Let f = -129 - -151. Let s be 6/2*2/3. Suppose s*z - 1 - 3 = 0. What is the greatest common divisor of z and f?
2
Suppose -132*o - 56628 = -168*o. What is the highest common divisor of 52 and o?
13
Let r be (2 + (-8)/3)*-138. What is the greatest common divisor of 2369 and r?
23
Let g be 291/9 - ((-15)/((-315)/28) - 1). Calculate the greatest common divisor of g and 456.
8
Suppose 55 - 576 = -3*c + 5*m, 0 = -6*m - 42. Let s be ((-12)/(-10))/((-5)/(-75)). Calculate the highest common divisor of s and c.
18
Let a be 23*35/(-20)*(2 + 2). Let n be (a/(-21))/((-2)/(-12)). What is the highest common factor of n and 506?
46
Suppose -120 - 54 = -2*h. Let s = 2340 + -2224. Calculate the highest common factor of s and h.
29
Let m be ((-672)/(-54))/(6/27). Calculate the highest common divisor of m and 3458.
14
Let g(j) = j**2 - 11*j + 25. Let l be g(10). Let f be (-15)/(-2)*72/(-15). Let a be 2/(-9) - 188/f. What is the highest common divisor of a and l?
5
Let v(f) = -97*f**3 - 32*f**2 + 6*f + 7. Let a be v(-2). Calculate the highest common factor of 5 and a.
1
Let k(g) = g**3 + 10*g**2 + 12*g - 13. Let u be k(-5). Let v = -67 - -23. Let n = u + v. What is the greatest common factor of n and 80?
8
Let f be 58/(-18) + 3 - 22/(-18). Suppose -3 = l + a, 5*l + a + f = 6. Let o be 15 + (4 + -3 - l). Calculate the highest common factor of 7 and o.
7
Suppose -2*m + 6 = -2*h - 2, -m + 7 = 2*h. Suppose 5*l = -4*c + m*c + 375, -l + 3*c + 75 = 0. Let r = 87 - l. Calculate the highest common divisor of 96 and r.
12
Let u be ((-1)/4)/((-360)/5006880). Calculate the highest common factor of 549 and u.
183
Suppose -y + 4*w = -2474, 0 = 52*y - 50*y + 3*w - 4970. Calculate the greatest common factor of 730 and y.
146
Let t = -82 + 228. Let d be 2*1/9 - 96/(-54). Suppose d*a + 116 = 4*y, a + a = 5*y - t. What is the greatest common factor of y and 120?
30
Let p = -11 + 23. Suppose a + 1 = 5*x, -a = -3*a + 3*x + p. Let f(u) = u**2 - 25*u + 171. Let m be f(18). What is the highest common factor of a and m?
9
Let w = -6204 - -6573. What is the highest common factor of 246 and w?
123
Suppose 3*y - 213 = 5*k, -y + 2*k + 374 = 4*y. Suppose 5*q - 556 = 4*r - 77, 93 = q + 2*r. Calculate the highest common divisor of y and q.
19
Suppose -19*j + 42374 = 5324. Calculate the highest common divisor of j and 1050.
150
Suppose 0 = 3*f + 4*h - 4927 - 1663, 0 = 2*f - 5*h - 4401. What is the greatest common factor of 1727 and f?
157
Let i(d) = -10*d - 399. Let w be i(-40). Calculate the highest common factor of w and 1.
1
Let l(g) = 33*g - 161. Let y be l(9). Let z be (4 + y)/5 + 5. What is the greatest common factor of 66 and z?
33
Suppose 2*i + i - 144 = -f, -4*f - 144 = -3*i. Let y be ((-1364)/6)/(18/54). Let u = 754 + y. What is the highest common factor of u and i?
24
Let q(f) = 26 + 7*f - 6*f - 2*f. Let n be q(15). Let l(y) = -y**3 - 4*y**2 - 2*y + 4. Let c be l(-6). Calculate the greatest common divisor of c and n.
11
Suppose 51 = m - 33. Let k = -14462 + 14618. Calculate the greatest common divisor of m and k.
12
Let i = 3251 + -3048. What is the highest common factor of i and 696?
29
Let t(n) = -n**3 - 27*n**2 + 72*n - 125. Let p be t(-30). What is the highest common divisor of p and 40?
5
Let i(h) = -88*h + 3633. Let n be i(11). Calculate the highest common factor of 65 and n.
65
Let t(g) = -g**3 + 3*g**2 + 15*g - 30. Let h be (-2 - 2/(-3))*(-3 + 0). Let a be t(h). Calculate the highest common factor of a and 35.
7
Let s = 254 - 156. Let m(v) = -16*v + 124. Let p be m(7). Suppose -p + 124 = 8*g. Calculate the highest common divisor of g and s.
14
Let j = 23625 + -288. Suppose j + 17559 = 24*x. What is the highest common factor of x and 12?
12
Let l(h) = 9*h**2 + h - 1. Suppose 0 = -3*c + 80 - 77. Let y be l(c). Calculate the highest common divisor of y and 72.
9
Let b = -10095 - -10298. What is the highest common divisor of b and 497?
7
Suppose -82*l + 1578 - 1201 = -5527. Calculate the highest common factor of l and 19368.
72
Suppose -6*z = -11*z + 40. Let g(f) = 103*f + 9. Let m be g(z). What is the highest common factor of m and 49?
49
Let z be 2/(-10)*6*-330. Let p(x) = 2*x - 12. Let d be p(-4). Let g be (-736)/d - (96/20)/6. What is the highest common divisor of z and g?
36
Suppose -195*b + 18561 = -124764. Calculate the highest common factor of 14945 and b.
245
Let t(l) = 2604*l**3 - 6*l**2 + 22*l - 19. Let h be t(1). What is the highest common divisor of 9 and h?
9
Let g = 327 - 321. Let n be 31/62 - g/(-8)*2. What is the greatest common divisor of n and 2?
2
Suppose -3066 - 19734 = -100*b. What is the g